{"id":1069,"date":"2025-10-17T18:45:34","date_gmt":"2025-10-17T16:45:34","guid":{"rendered":"https:\/\/bouchemaine.hclm49.fr\/?page_id=1069"},"modified":"2026-03-31T14:04:30","modified_gmt":"2026-03-31T12:04:30","slug":"nouveautes","status":"publish","type":"page","link":"https:\/\/bouchemaine.hclm49.fr\/?page_id=1069","title":{"rendered":"Nouveaut\u00e9s"},"content":{"rendered":"\t\t<div data-elementor-type=\"wp-page\" data-elementor-id=\"1069\" class=\"elementor elementor-1069\">\n\t\t\t\t<div class=\"elementor-element elementor-element-51a74c7 e-con-full e-flex e-con e-parent\" data-id=\"51a74c7\" data-element_type=\"container\" data-e-type=\"container\" data-settings=\"{&quot;background_background&quot;:&quot;classic&quot;}\">\n\t\t\t\t<div class=\"elementor-element elementor-element-986fed7 elementor-widget elementor-widget-heading\" data-id=\"986fed7\" data-element_type=\"widget\" data-e-type=\"widget\" data-widget_type=\"heading.default\">\n\t\t\t\t<div class=\"elementor-widget-container\">\n\t\t\t\t\t<h2 class=\"elementor-heading-title elementor-size-default\">Le site de Bouchemaine est en cours d'\u00e9laboration, suivez r\u00e9guli\u00e8rement les nouveaut\u00e9s<\/h2>\t\t\t\t<\/div>\n\t\t\t\t<\/div>\n\t\t\t\t<\/div>\n\t\t<div class=\"elementor-element elementor-element-9c67b46 e-con-full e-flex e-con e-parent\" data-id=\"9c67b46\" data-element_type=\"container\" data-e-type=\"container\" data-settings=\"{&quot;background_background&quot;:&quot;classic&quot;}\">\n\t\t<div class=\"elementor-element elementor-element-c530261 e-con-full e-flex e-con e-child\" data-id=\"c530261\" data-element_type=\"container\" data-e-type=\"container\" data-settings=\"{&quot;background_background&quot;:&quot;classic&quot;}\">\n\t\t\t\t<div class=\"elementor-element elementor-element-61d152c elementor-widget__width-initial elementor-widget elementor-widget-image\" data-id=\"61d152c\" data-element_type=\"widget\" data-e-type=\"widget\" data-widget_type=\"image.default\">\n\t\t\t\t<div class=\"elementor-widget-container\">\n\t\t\t\t\t\t\t\t\t\t\t\t\t\t\t<img decoding=\"async\" src=\"https:\/\/bouchemaine.hclm49.fr\/wp-content\/uploads\/elementor\/thumbs\/Patrimoine-militaire-etiquette-scaled-rir24vgxjeob28hh59dvf6hfedf26zmich6jp8e9rc.jpg\" title=\"Patrimoine-militaire-etiquette\" alt=\"Patrimoine-militaire-etiquette\" loading=\"lazy\" \/>\t\t\t\t\t\t\t\t\t\t\t\t\t\t\t<\/div>\n\t\t\t\t<\/div>\n\t\t<div class=\"elementor-element elementor-element-9335628 e-con-full e-flex e-con e-child\" data-id=\"9335628\" data-element_type=\"container\" data-e-type=\"container\">\n\t\t\t\t<div class=\"elementor-element elementor-element-d1f7ccc elementor-widget elementor-widget-text-editor\" data-id=\"d1f7ccc\" data-element_type=\"widget\" data-e-type=\"widget\" data-widget_type=\"text-editor.default\">\n\t\t\t\t<div class=\"elementor-widget-container\">\n\t\t\t\t\t\t\t\t\t<p>Deux nouvelles pages ont \u00e9t\u00e9 publi\u00e9es :\u00a0\u00bb<a href=\"https:\/\/bouchemaine.hclm49.fr\/?page_id=2022\" target=\"_blank\" rel=\"noopener\">Canons \u00e0 La Pointe<\/a>\u00ab\u00a0, \u00ab\u00a0<a href=\"https:\/\/bouchemaine.hclm49.fr\/?page_id=1211\" target=\"_blank\" rel=\"noopener\">A l&rsquo;aube du XX\u00e8me si\u00e8cle<\/a>\u00ab\u00a0<\/p>\t\t\t\t\t\t\t\t<\/div>\n\t\t\t\t<\/div>\n\t\t\t\t<\/div>\n\t\t<div class=\"elementor-element elementor-element-962a14a e-con-full e-flex e-con e-child\" data-id=\"962a14a\" data-element_type=\"container\" data-e-type=\"container\">\n\t\t\t\t<div class=\"elementor-element elementor-element-6861e0d elementor-widget elementor-widget-heading\" data-id=\"6861e0d\" data-element_type=\"widget\" data-e-type=\"widget\" data-widget_type=\"heading.default\">\n\t\t\t\t<div class=\"elementor-widget-container\">\n\t\t\t\t\t<h2 class=\"elementor-heading-title elementor-size-default\">6 F\u00e9vrier 2026<\/h2>\t\t\t\t<\/div>\n\t\t\t\t<\/div>\n\t\t\t\t<\/div>\n\t\t\t\t<\/div>\n\t\t\t\t<\/div>\n\t\t<div class=\"elementor-element elementor-element-087026e e-con-full e-flex e-con e-parent\" data-id=\"087026e\" data-element_type=\"container\" data-e-type=\"container\" data-settings=\"{&quot;background_background&quot;:&quot;classic&quot;}\">\n\t\t<div class=\"elementor-element elementor-element-11b7555 e-con-full e-flex e-con e-child\" data-id=\"11b7555\" data-element_type=\"container\" data-e-type=\"container\" data-settings=\"{&quot;background_background&quot;:&quot;classic&quot;}\">\n\t\t\t\t<div class=\"elementor-element elementor-element-756cb20 elementor-widget__width-initial elementor-widget elementor-widget-image\" data-id=\"756cb20\" data-element_type=\"widget\" data-e-type=\"widget\" data-widget_type=\"image.default\">\n\t\t\t\t<div class=\"elementor-widget-container\">\n\t\t\t\t\t\t\t\t\t\t\t\t\t\t\t<img decoding=\"async\" src=\"https:\/\/bouchemaine.hclm49.fr\/wp-content\/uploads\/elementor\/thumbs\/edifice-religieux-vignette-ripkg5nl0wxiujv4utzpjw7bmnj97ovemeyxx61zoo.jpg\" title=\"edifice-religieux-vignette\" alt=\"edifice-religieux-vignette\" loading=\"lazy\" \/>\t\t\t\t\t\t\t\t\t\t\t\t\t\t\t<\/div>\n\t\t\t\t<\/div>\n\t\t<div class=\"elementor-element elementor-element-8eb46f5 e-con-full e-flex e-con e-child\" data-id=\"8eb46f5\" data-element_type=\"container\" data-e-type=\"container\">\n\t\t\t\t<div class=\"elementor-element elementor-element-18afc05 elementor-widget elementor-widget-text-editor\" data-id=\"18afc05\" data-element_type=\"widget\" data-e-type=\"widget\" data-widget_type=\"text-editor.default\">\n\t\t\t\t<div class=\"elementor-widget-container\">\n\t\t\t\t\t\t\t\t\t<p>Trois nouvelles pages ont \u00e9t\u00e9 publi\u00e9es :\u00a0\u00bb<a href=\"https:\/\/bouchemaine.hclm49.fr\/?page_id=1211\" target=\"_blank\" rel=\"noopener\">Histoire contemporaine du Prieur\u00e9 de Beaumont<\/a>\u00ab\u00a0, \u00ab\u00a0<a href=\"https:\/\/bouchemaine.hclm49.fr\/?page_id=1943\" target=\"_blank\" rel=\"noopener\">M\u00e9tiers de 1930 \u00e01950<\/a>\u00a0\u00bb et \u00ab\u00a0<a href=\"https:\/\/bouchemaine.hclm49.fr\/?page_id=1543\" target=\"_blank\" rel=\"noopener\">L&rsquo;arriv\u00e9e de l&rsquo;eau \u00e0 Pruniers<\/a>\u00ab\u00a0<\/p>\t\t\t\t\t\t\t\t<\/div>\n\t\t\t\t<\/div>\n\t\t\t\t<\/div>\n\t\t<div class=\"elementor-element elementor-element-252c6e0 e-con-full e-flex e-con e-child\" data-id=\"252c6e0\" data-element_type=\"container\" data-e-type=\"container\">\n\t\t\t\t<div class=\"elementor-element elementor-element-3485d40 elementor-widget elementor-widget-heading\" data-id=\"3485d40\" data-element_type=\"widget\" data-e-type=\"widget\" data-widget_type=\"heading.default\">\n\t\t\t\t<div class=\"elementor-widget-container\">\n\t\t\t\t\t<h2 class=\"elementor-heading-title elementor-size-default\">5 F\u00e9vrier 2026<\/h2>\t\t\t\t<\/div>\n\t\t\t\t<\/div>\n\t\t\t\t<\/div>\n\t\t\t\t<\/div>\n\t\t\t\t<\/div>\n\t\t<div class=\"elementor-element elementor-element-2b56307 e-con-full e-flex e-con e-parent\" data-id=\"2b56307\" data-element_type=\"container\" data-e-type=\"container\" data-settings=\"{&quot;background_background&quot;:&quot;classic&quot;}\">\n\t\t<div class=\"elementor-element elementor-element-9c3dcc1 e-con-full e-flex e-con e-child\" data-id=\"9c3dcc1\" data-element_type=\"container\" data-e-type=\"container\" data-settings=\"{&quot;background_background&quot;:&quot;classic&quot;}\">\n\t\t\t\t<div class=\"elementor-element elementor-element-6bb44bc elementor-widget__width-initial elementor-widget elementor-widget-image\" data-id=\"6bb44bc\" data-element_type=\"widget\" data-e-type=\"widget\" data-widget_type=\"image.default\">\n\t\t\t\t<div class=\"elementor-widget-container\">\n\t\t\t\t\t\t\t\t\t\t\t\t\t\t\t<img decoding=\"async\" src=\"https:\/\/bouchemaine.hclm49.fr\/wp-content\/uploads\/elementor\/thumbs\/chateau-perriere-rhmv4k3rne7zv1haokjjyzsx0jt8ahqqngbc3c6x2g.jpg\" title=\"chateau-perriere\" alt=\"chateau-perriere\" loading=\"lazy\" \/>\t\t\t\t\t\t\t\t\t\t\t\t\t\t\t<\/div>\n\t\t\t\t<\/div>\n\t\t<div class=\"elementor-element elementor-element-4e11f8d e-con-full e-flex e-con e-child\" data-id=\"4e11f8d\" data-element_type=\"container\" data-e-type=\"container\">\n\t\t\t\t<div class=\"elementor-element elementor-element-7f469c6 elementor-widget elementor-widget-text-editor\" data-id=\"7f469c6\" data-element_type=\"widget\" data-e-type=\"widget\" data-widget_type=\"text-editor.default\">\n\t\t\t\t<div class=\"elementor-widget-container\">\n\t\t\t\t\t\t\t\t\t<p>Trois pages ont \u00e9t\u00e9 publi\u00e9es : <a href=\"https:\/\/bouchemaine.hclm49.fr\/?page_id=1825\" target=\"_blank\" rel=\"noopener\">\u00ab\u00a0Bouchemaine : Le bureau de bienfaisance\u00a0\u00bb<\/a>, <a href=\"https:\/\/bouchemaine.hclm49.fr\/wp-content\/uploads\/2026\/01\/Chateau-Perrier-Resume.pdf\" target=\"_blank\" rel=\"noopener\">\u00ab\u00a0Le Ch\u00e2teau de Laa Perri\u00e8re \u00e0 La Pointe\u00a0\u00bb<\/a>, <a href=\"https:\/\/bouchemaine.hclm49.fr\/wp-content\/uploads\/2026\/01\/Seconde-guerre-vue-4enfants-Resume-1.pdf\" target=\"_blank\" rel=\"noopener\">\u00ab\u00a0La seconde guerre mondiale vue par 4 enfants\u00a0\u00bb<\/a><\/p>\t\t\t\t\t\t\t\t<\/div>\n\t\t\t\t<\/div>\n\t\t\t\t<\/div>\n\t\t<div class=\"elementor-element elementor-element-c43c642 e-con-full e-flex e-con e-child\" data-id=\"c43c642\" data-element_type=\"container\" data-e-type=\"container\">\n\t\t\t\t<div class=\"elementor-element elementor-element-802c998 elementor-widget elementor-widget-heading\" data-id=\"802c998\" data-element_type=\"widget\" data-e-type=\"widget\" data-widget_type=\"heading.default\">\n\t\t\t\t<div class=\"elementor-widget-container\">\n\t\t\t\t\t<h2 class=\"elementor-heading-title elementor-size-default\">14 Janvier 2026<\/h2>\t\t\t\t<\/div>\n\t\t\t\t<\/div>\n\t\t\t\t<\/div>\n\t\t\t\t<\/div>\n\t\t\t\t<\/div>\n\t\t<div class=\"elementor-element elementor-element-7235da5 e-con-full e-flex e-con e-parent\" data-id=\"7235da5\" data-element_type=\"container\" data-e-type=\"container\" data-settings=\"{&quot;background_background&quot;:&quot;classic&quot;}\">\n\t\t<div class=\"elementor-element elementor-element-f848ae4 e-con-full e-flex e-con e-child\" data-id=\"f848ae4\" data-element_type=\"container\" data-e-type=\"container\">\n\t\t\t\t<div class=\"elementor-element elementor-element-3c79767 elementor-widget__width-inherit elementor-widget elementor-widget-image\" data-id=\"3c79767\" data-element_type=\"widget\" data-e-type=\"widget\" data-widget_type=\"image.default\">\n\t\t\t\t<div class=\"elementor-widget-container\">\n\t\t\t\t\t\t\t\t\t\t\t\t\t\t\t<img decoding=\"async\" src=\"https:\/\/bouchemaine.hclm49.fr\/wp-content\/uploads\/elementor\/thumbs\/ecole-vignette-rh9o0yxpvcp6lxe9mg80q0wwnh7xczomgjvy97uoyw.jpg\" title=\"ecole-vignette\" alt=\"ecole-vignette\" loading=\"lazy\" \/>\t\t\t\t\t\t\t\t\t\t\t\t\t\t\t<\/div>\n\t\t\t\t<\/div>\n\t\t\t\t<\/div>\n\t\t<div class=\"elementor-element elementor-element-6923d3b e-con-full e-flex e-con e-child\" data-id=\"6923d3b\" data-element_type=\"container\" data-e-type=\"container\">\n\t\t\t\t<div class=\"elementor-element elementor-element-75eb94c elementor-widget elementor-widget-text-editor\" data-id=\"75eb94c\" data-element_type=\"widget\" data-e-type=\"widget\" data-widget_type=\"text-editor.default\">\n\t\t\t\t<div class=\"elementor-widget-container\">\n\t\t\t\t\t\t\t\t\t<p>Plusieurs pages ont \u00e9t\u00e9 ajout\u00e9es : \u00ab\u00a0<a href=\"https:\/\/bouchemaine.hclm49.fr\/wp-content\/uploads\/2026\/01\/Premieres-ecoles-pruniers-Resume.pdf\" target=\"_blank\" rel=\"noopener\">Les premi\u00e8res \u00e9coles de Pruniers<\/a>\u00ab\u00a0, \u00ab\u00a0<a href=\"https:\/\/bouchemaine.hclm49.fr\/wp-content\/uploads\/2026\/01\/Chemins-ruraux-resume.pdf\" target=\"_blank\" rel=\"noopener\">Les chemins ruraux<\/a>\u00ab\u00a0, \u00ab\u00a0<a href=\"https:\/\/bouchemaine.hclm49.fr\/wp-content\/uploads\/2026\/01\/six-vitraux-sur-dix-resume.pdf\" target=\"_blank\" rel=\"noopener\">Six vitraux sur dix&#8230;<\/a>\u00ab\u00a0, \u00ab\u00a0<a href=\"https:\/\/bouchemaine.hclm49.fr\/wp-content\/uploads\/2026\/01\/aux-armes-citoyens-Resume.pdf\" target=\"_blank\" rel=\"noopener\">Aux armes citoyens<\/a>\u00ab\u00a0<\/p>\t\t\t\t\t\t\t\t<\/div>\n\t\t\t\t<\/div>\n\t\t\t\t<\/div>\n\t\t<div class=\"elementor-element elementor-element-a6fe6f5 e-con-full e-flex e-con e-child\" data-id=\"a6fe6f5\" data-element_type=\"container\" data-e-type=\"container\">\n\t\t\t\t<div class=\"elementor-element elementor-element-3219ead elementor-widget elementor-widget-heading\" data-id=\"3219ead\" data-element_type=\"widget\" data-e-type=\"widget\" data-widget_type=\"heading.default\">\n\t\t\t\t<div class=\"elementor-widget-container\">\n\t\t\t\t\t<h2 class=\"elementor-heading-title elementor-size-default\">7 Janvier 2026<\/h2>\t\t\t\t<\/div>\n\t\t\t\t<\/div>\n\t\t\t\t<\/div>\n\t\t\t\t<\/div>\n\t\t<div class=\"elementor-element elementor-element-3a5efdd e-con-full e-flex e-con e-parent\" data-id=\"3a5efdd\" data-element_type=\"container\" data-e-type=\"container\" data-settings=\"{&quot;background_background&quot;:&quot;classic&quot;}\">\n\t\t<div class=\"elementor-element elementor-element-17b43d9 e-con-full e-flex e-con e-child\" data-id=\"17b43d9\" data-element_type=\"container\" data-e-type=\"container\">\n\t\t\t\t<div class=\"elementor-element elementor-element-c0a5b16 elementor-widget__width-inherit elementor-widget elementor-widget-image\" data-id=\"c0a5b16\" data-element_type=\"widget\" data-e-type=\"widget\" data-widget_type=\"image.default\">\n\t\t\t\t<div class=\"elementor-widget-container\">\n\t\t\t\t\t\t\t\t\t\t\t\t\t\t\t<img decoding=\"async\" src=\"https:\/\/bouchemaine.hclm49.fr\/wp-content\/uploads\/elementor\/thumbs\/garde-champetre-rh7lvi8ekoekd8xwf25y05layco26b3hrxkhwfw5wo.jpg\" title=\"garde champ\u00eatre\" alt=\"garde champ\u00eatre\" loading=\"lazy\" \/>\t\t\t\t\t\t\t\t\t\t\t\t\t\t\t<\/div>\n\t\t\t\t<\/div>\n\t\t\t\t<\/div>\n\t\t<div class=\"elementor-element elementor-element-5b25d69 e-con-full e-flex e-con e-child\" data-id=\"5b25d69\" data-element_type=\"container\" data-e-type=\"container\">\n\t\t\t\t<div class=\"elementor-element elementor-element-c57d6fc elementor-widget elementor-widget-text-editor\" data-id=\"c57d6fc\" data-element_type=\"widget\" data-e-type=\"widget\" data-widget_type=\"text-editor.default\">\n\t\t\t\t<div class=\"elementor-widget-container\">\n\t\t\t\t\t\t\t\t\t<p>Plusieurs textes sont disponibles :<br \/>\u00ab\u00a0<a href=\"https:\/\/bouchemaine.hclm49.fr\/?page_id=1507\" target=\"_blank\" rel=\"noopener\">Le Garde-Champ\u00eatre<\/a>\u00ab\u00a0, \u00ab\u00a0<a href=\"https:\/\/bouchemaine.hclm49.fr\/?page_id=1484\" target=\"_blank\" rel=\"noopener\">Les F\u00eates pastorales 1935\/1936<\/a>\u00ab\u00a0, \u00ab\u00a0<a href=\"https:\/\/bouchemaine.hclm49.fr\/?page_id=1565\" target=\"_blank\" rel=\"noopener\">Les \u00e9pid\u00e9mies<\/a>\u00ab\u00a0, \u00ab\u00a0<a href=\"https:\/\/bouchemaine.hclm49.fr\/?page_id=1586\" target=\"_blank\" rel=\"noopener\">Vol dans l&rsquo;\u00e9glise<\/a>\u00ab\u00a0<\/p>\t\t\t\t\t\t\t\t<\/div>\n\t\t\t\t<\/div>\n\t\t\t\t<\/div>\n\t\t<div class=\"elementor-element elementor-element-ddf5158 e-con-full e-flex e-con e-child\" data-id=\"ddf5158\" data-element_type=\"container\" data-e-type=\"container\">\n\t\t\t\t<div class=\"elementor-element elementor-element-b7b9e15 elementor-widget elementor-widget-heading\" data-id=\"b7b9e15\" data-element_type=\"widget\" data-e-type=\"widget\" data-widget_type=\"heading.default\">\n\t\t\t\t<div class=\"elementor-widget-container\">\n\t\t\t\t\t<h2 class=\"elementor-heading-title elementor-size-default\">6 Janvier 2026<\/h2>\t\t\t\t<\/div>\n\t\t\t\t<\/div>\n\t\t\t\t<\/div>\n\t\t\t\t<\/div>\n\t\t<div class=\"elementor-element elementor-element-8e59401 e-con-full e-flex e-con e-parent\" data-id=\"8e59401\" data-element_type=\"container\" data-e-type=\"container\" data-settings=\"{&quot;background_background&quot;:&quot;classic&quot;}\">\n\t\t<div class=\"elementor-element elementor-element-9dd277a e-con-full e-flex e-con e-child\" data-id=\"9dd277a\" data-element_type=\"container\" data-e-type=\"container\">\n\t\t\t\t<div class=\"elementor-element elementor-element-45af642 elementor-widget elementor-widget-image\" data-id=\"45af642\" data-element_type=\"widget\" data-e-type=\"widget\" data-widget_type=\"image.default\">\n\t\t\t\t<div class=\"elementor-widget-container\">\n\t\t\t\t\t\t\t\t\t\t\t\t\t\t\t<img decoding=\"async\" src=\"https:\/\/bouchemaine.hclm49.fr\/wp-content\/uploads\/elementor\/thumbs\/falaises-schiste-piverdiere-rcm6xjh6l54q9wwb606o2orvsqdff7fmvipc5c8mp4.jpg\" title=\"falaises-schiste-piverdiere\" alt=\"falaises-schiste-piverdiere\" loading=\"lazy\" \/>\t\t\t\t\t\t\t\t\t\t\t\t\t\t\t<\/div>\n\t\t\t\t<\/div>\n\t\t\t\t<\/div>\n\t\t<div class=\"elementor-element elementor-element-38db71d e-con-full e-flex e-con e-child\" data-id=\"38db71d\" data-element_type=\"container\" data-e-type=\"container\">\n\t\t\t\t<div class=\"elementor-element elementor-element-f40787b elementor-widget elementor-widget-heading\" data-id=\"f40787b\" data-element_type=\"widget\" data-e-type=\"widget\" data-widget_type=\"heading.default\">\n\t\t\t\t<div class=\"elementor-widget-container\">\n\t\t\t\t\t<h2 class=\"elementor-heading-title elementor-size-default\">La page Pr\u00e9sentation est en ligne apr\u00e8s modification<\/h2>\t\t\t\t<\/div>\n\t\t\t\t<\/div>\n\t\t\t\t<\/div>\n\t\t<div class=\"elementor-element elementor-element-4903099 e-con-full e-flex e-con e-child\" data-id=\"4903099\" data-element_type=\"container\" data-e-type=\"container\">\n\t\t\t\t<div class=\"elementor-element elementor-element-20ed9f9 elementor-widget elementor-widget-heading\" data-id=\"20ed9f9\" data-element_type=\"widget\" data-e-type=\"widget\" data-widget_type=\"heading.default\">\n\t\t\t\t<div class=\"elementor-widget-container\">\n\t\t\t\t\t<h2 class=\"elementor-heading-title elementor-size-default\">5 Novembre 2025<\/h2>\t\t\t\t<\/div>\n\t\t\t\t<\/div>\n\t\t\t\t<\/div>\n\t\t\t\t<\/div>\n\t\t<div class=\"elementor-element elementor-element-59c55a5 e-con-full e-flex e-con e-parent\" data-id=\"59c55a5\" data-element_type=\"container\" data-e-type=\"container\" data-settings=\"{&quot;background_background&quot;:&quot;classic&quot;}\">\n\t\t<div class=\"elementor-element elementor-element-a6994f1 e-con-full e-flex e-con e-child\" data-id=\"a6994f1\" data-element_type=\"container\" data-e-type=\"container\">\n\t\t\t\t<div class=\"elementor-element elementor-element-1c5cf2c elementor-widget elementor-widget-image\" data-id=\"1c5cf2c\" data-element_type=\"widget\" data-e-type=\"widget\" data-widget_type=\"image.default\">\n\t\t\t\t<div class=\"elementor-widget-container\">\n\t\t\t\t\t\t\t\t\t\t\t\t\t\t\t<img decoding=\"async\" src=\"https:\/\/bouchemaine.hclm49.fr\/wp-content\/uploads\/elementor\/thumbs\/docteur-meniere-rdj5wt3jm10j8fciktwc7lnufle8w3lpvnlmk25wbs.jpg\" title=\"docteur-meniere\" alt=\"docteur-meniere\" loading=\"lazy\" \/>\t\t\t\t\t\t\t\t\t\t\t\t\t\t\t<\/div>\n\t\t\t\t<\/div>\n\t\t\t\t<\/div>\n\t\t<div class=\"elementor-element elementor-element-ff80d2c e-con-full e-flex e-con e-child\" data-id=\"ff80d2c\" data-element_type=\"container\" data-e-type=\"container\">\n\t\t\t\t<div class=\"elementor-element elementor-element-80becc6 elementor-widget elementor-widget-heading\" data-id=\"80becc6\" data-element_type=\"widget\" data-e-type=\"widget\" data-widget_type=\"heading.default\">\n\t\t\t\t<div class=\"elementor-widget-container\">\n\t\t\t\t\t<h2 class=\"elementor-heading-title elementor-size-default\"><a href=\"https:\/\/bouchemaine.hclm49.fr\/?page_id=106\">Deux pages ont \u00e9t\u00e9 ouvertes dans le th\u00e8me 'Portraits' : Le Dr L-P.M\u00e9ni\u00e8re et les fr\u00e8res Gasnier<\/a><\/h2>\t\t\t\t<\/div>\n\t\t\t\t<\/div>\n\t\t\t\t<\/div>\n\t\t<div class=\"elementor-element elementor-element-167d360 e-con-full e-flex e-con e-child\" data-id=\"167d360\" data-element_type=\"container\" data-e-type=\"container\">\n\t\t\t\t<div class=\"elementor-element elementor-element-227aeab elementor-widget elementor-widget-heading\" data-id=\"227aeab\" data-element_type=\"widget\" data-e-type=\"widget\" data-widget_type=\"heading.default\">\n\t\t\t\t<div class=\"elementor-widget-container\">\n\t\t\t\t\t<h2 class=\"elementor-heading-title elementor-size-default\">21 Octobre 2025<\/h2>\t\t\t\t<\/div>\n\t\t\t\t<\/div>\n\t\t\t\t<\/div>\n\t\t\t\t<\/div>\n\t\t\t\t<\/div>\n\t\t","protected":false},"excerpt":{"rendered":"<p>Le site de Bouchemaine est en cours d&rsquo;\u00e9laboration, suivez r\u00e9guli\u00e8rement les nouveaut\u00e9s Deux nouvelles pages ont \u00e9t\u00e9 publi\u00e9es :\u00a0\u00bbCanons \u00e0 La Pointe\u00ab\u00a0, \u00ab\u00a0A l&rsquo;aube du XX\u00e8me si\u00e8cle\u00ab\u00a0 6 F\u00e9vrier 2026 Trois nouvelles pages ont \u00e9t\u00e9 publi\u00e9es :\u00a0\u00bbHistoire contemporaine du Prieur\u00e9 de Beaumont\u00ab\u00a0, \u00ab\u00a0M\u00e9tiers de 1930 \u00e01950\u00a0\u00bb et \u00ab\u00a0L&rsquo;arriv\u00e9e de l&rsquo;eau \u00e0 Pruniers\u00ab\u00a0 5 F\u00e9vrier 2026 [&hellip;]<\/p>\n","protected":false},"author":1,"featured_media":0,"parent":0,"menu_order":0,"comment_status":"closed","ping_status":"closed","template":"","meta":{"site-sidebar-layout":"no-sidebar","site-content-layout":"","ast-site-content-layout":"full-width-container","site-content-style":"default","site-sidebar-style":"default","ast-global-header-display":"","ast-banner-title-visibility":"","ast-main-header-display":"","ast-hfb-above-header-display":"","ast-hfb-below-header-display":"","ast-hfb-mobile-header-display":"","site-post-title":"disabled","ast-breadcrumbs-content":"","ast-featured-img":"disabled","footer-sml-layout":"","ast-disable-related-posts":"","theme-transparent-header-meta":"","adv-header-id-meta":"","stick-header-meta":"","header-above-stick-meta":"","header-main-stick-meta":"","header-below-stick-meta":"","astra-migrate-meta-layouts":"default","ast-page-background-enabled":"default","ast-page-background-meta":{"desktop":{"background-color":"var(--ast-global-color-5)","background-image":"","background-repeat":"repeat","background-position":"center center","background-size":"auto","background-attachment":"scroll","background-type":"","background-media":"","overlay-type":"","overlay-color":"","overlay-opacity":"","overlay-gradient":""},"tablet":{"background-color":"","background-image":"","background-repeat":"repeat","background-position":"center center","background-size":"auto","background-attachment":"scroll","background-type":"","background-media":"","overlay-type":"","overlay-color":"","overlay-opacity":"","overlay-gradient":""},"mobile":{"background-color":"","background-image":"","background-repeat":"repeat","background-position":"center center","background-size":"auto","background-attachment":"scroll","background-type":"","background-media":"","overlay-type":"","overlay-color":"","overlay-opacity":"","overlay-gradient":""}},"ast-content-background-meta":{"desktop":{"background-color":"var(--ast-global-color-4)","background-image":"","background-repeat":"repeat","background-position":"center center","background-size":"auto","background-attachment":"scroll","background-type":"","background-media":"","overlay-type":"","overlay-color":"","overlay-opacity":"","overlay-gradient":""},"tablet":{"background-color":"var(--ast-global-color-4)","background-image":"","background-repeat":"repeat","background-position":"center center","background-size":"auto","background-attachment":"scroll","background-type":"","background-media":"","overlay-type":"","overlay-color":"","overlay-opacity":"","overlay-gradient":""},"mobile":{"background-color":"var(--ast-global-color-4)","background-image":"","background-repeat":"repeat","background-position":"center center","background-size":"auto","background-attachment":"scroll","background-type":"","background-media":"","overlay-type":"","overlay-color":"","overlay-opacity":"","overlay-gradient":""}},"footnotes":""},"class_list":["post-1069","page","type-page","status-publish","hentry"],"_links":{"self":[{"href":"https:\/\/bouchemaine.hclm49.fr\/index.php?rest_route=\/wp\/v2\/pages\/1069","targetHints":{"allow":["GET"]}}],"collection":[{"href":"https:\/\/bouchemaine.hclm49.fr\/index.php?rest_route=\/wp\/v2\/pages"}],"about":[{"href":"https:\/\/bouchemaine.hclm49.fr\/index.php?rest_route=\/wp\/v2\/types\/page"}],"author":[{"embeddable":true,"href":"https:\/\/bouchemaine.hclm49.fr\/index.php?rest_route=\/wp\/v2\/users\/1"}],"replies":[{"embeddable":true,"href":"https:\/\/bouchemaine.hclm49.fr\/index.php?rest_route=%2Fwp%2Fv2%2Fcomments&post=1069"}],"version-history":[{"count":73,"href":"https:\/\/bouchemaine.hclm49.fr\/index.php?rest_route=\/wp\/v2\/pages\/1069\/revisions"}],"predecessor-version":[{"id":2251,"href":"https:\/\/bouchemaine.hclm49.fr\/index.php?rest_route=\/wp\/v2\/pages\/1069\/revisions\/2251"}],"wp:attachment":[{"href":"https:\/\/bouchemaine.hclm49.fr\/index.php?rest_route=%2Fwp%2Fv2%2Fmedia&parent=1069"}],"curies":[{"name":"wp","href":"https:\/\/api.w.org\/{rel}","templated":true}]}}